late the remainder when 213762 is divided by 7634.
10
What is the remainder when 905 is divided by 178?
15
Calculate the remainder when 6234 is divided by 22.
8
Calculate the remainder when 46688 is divided by 15549.
41
Calculate the remainder when 453102 is divided by 453099.
3
Calculate the remainder when 10265 is divided by 315.
185
Calculate the remainder when 2960 is divided by 938.
146
Calculate the remainder when 4037 is divided by 922.
349
Calculate the remainder when 3002 is divided by 29.
15
Calculate the remainder when 7578 is divided by 3627.
324
Calculate the remainder when 4485 is divided by 948.
693
What is the remainder when 46321 is divided by 359?
10
Calculate the remainder when 5992 is divided by 95.
7
Calculate the remainder when 21122 is divided by 7016.
74
Calculate the remainder when 12176 is divided by 90.
26
Calculate the remainder when 6681 is divided by 2209.
54
What is the remainder when 15065 is divided by 15027?
38
Calculate the remainder when 129163 is divided by 564.
7
Calculate the remainder when 37898 is divided by 9471.
14
What is the remainder when 13720 is divided by 2709?
175
Calculate the remainder when 14261 is divided by 661.
380
What is the remainder when 288746 is divided by 72184?
10
What is the remainder when 37413 is divided by 96?
69
Calculate the remainder when 1365 is divided by 1352.
13
Calculate the remainder when 3912 is divided by 186.
6
What is the remainder when 325850 is divided by 87?
35
What is the remainder when 154243 is divided by 91?
89
Calculate the remainder when 3050 is divided by 87.
5
What is the remainder when 106537 is divided by 39?
28
Calculate the remainder when 31047 is divided by 15313.
421
Calculate the remainder when 254769 is divided by 156.
21
What is the remainder when 9817 is divided by 892?
5
What is the remainder when 11265 is divided by 750?
15
Calculate the remainder when 169090 is divided by 40.
10
Calculate the remainder when 1888 is divided by 58.
32
What is the remainder when 470 is divided by 70?
50
What is the remainder when 102714 is divided by 23?
19
Calculate the remainder when 1328 is divided by 339.
311
Calculate the remainder when 236264 is divided by 8750.
14
Calculate the remainder when 46313 is divided by 9257.
28
Calculate the remainder when 20008 is divided by 147.
16
What is the remainder when 8924 is divided by 4455?
14
What is the remainder when 28158 is divided by 723?
684
What is the remainder when 11543 is divided by 1645?
28
What is the remainder when 1078 is divided by 16?
6
What is the remainder when 1720 is divided by 113?
25
What is the remainder when 34461 is divided by 507?
492
Calculate the remainder when 36908 is divided by 7370.
58
Calculate the remainder when 69022 is divided by 18.
10
What is the remainder when 19859 is divided by 4904?
243
What is the remainder when 266936 is divided by 88977?
5
Calculate the remainder when 39109 is divided by 752.
5
Calculate the remainder when 14681 is divided by 4790.
311
Calculate the remainder when 1100 is divided by 353.
41
What is the remainder when 21431 is divided by 10697?
37
Calculate the remainder when 15455 is divided by 809.
84
Calculate the remainder when 27694 is divided by 191.
190
Calculate the remainder when 231838 is divided by 168.
166
What is the remainder when 29876 is divided by 15?
11
Calculate the remainder when 15714 is divided by 251.
152
What is the remainder when 197244 is divided by 82?
34
Calculate the remainder when 14558 is divided by 328.
126
What is the remainder when 2012 is divided by 81?
68
Calculate the remainder when 288054 is divided by 360.
54
What is the remainder when 1382515 is divided by 35?
15
What is the remainder when 52899 is divided by 645?
9
What is the remainder when 30874 is divided by 4410?
4
Calculate the remainder when 127798 is divided by 53.
15
Calculate the remainder when 32527 is divided by 91.
40
What is the remainder when 9902 is divided by 1094?
56
Calculate the remainder when 2173 is divided by 64.
61
Calculate the remainder when 2142 is divided by 55.
52
What is the remainder when 12538 is divided by 190?
188
What is the remainder when 8952 is divided by 523?
61
Calculate the remainder when 484343 is divided by 868.
867
Calculate the remainder when 3085 is divided by 469.
271
What is the remainder when 126597 is divided by 24?
21
What is the remainder when 21288 is divided by 2362?
30
Calculate the remainder when 6654 is divided by 6652.
2
Calculate the remainder when 140097 is divided by 881.
18
Calculate the remainder when 16350 is divided by 5.
0
Calculate the remainder when 139344 is divided by 119.
114
What is the remainder when 16993 is divided by 17?
10
What is the remainder when 882397 is divided by 40?
37
Calculate the remainder when 438266 is divided by 512.
506
Calculate the remainder when 3740 is divided by 52.
48
Calculate the remainder when 1794477 is divided by 41.
30
Calculate the remainder when 3751 is divided by 890.
191
Calculate the remainder when 544869 is divided by 219.
216
What is the remainder when 430799 is divided by 49?
40
What is the remainder when 19513 is divided by 1393?
11
What is the remainder when 1020 is divided by 11?
8
What is the remainder when 46726 is divided by 23315?
96
Calculate the remainder when 3691 is divided by 86.
79
Calculate the remainder when 1218870 is divided by 604.
602
Calculate the remainder when 31992 is divided by 7966.
128
Calculate the remainder when 1076 is divided by 525.
26
Calculate the remainder when 81488 is divided by 29.
27
Calculate the remainder when 39075 is divided by 3550.
25
Calculate the remainder when 17845 is divided by 8883.
79
What is the remainder when 10870 is divided by 18?
16
What is the remainder when 4431502 is divided by 88?
86
Calculate the remainder when 162387 is divided by 20291.
59
Calculate the remainder when 1640 is divided by 2.
0
Calculate the remainder when 5259 is divided by 99.
12
Calculate the remainder when 2536841 is divided by 209.
208
What is the remainder when 1530 is divided by 731?
68
What is the remainder when 14411 is divided by 4769?
104
What is the remainder when 5876 is divided by 232?
76
Calculate the remainder when 1212 is divided by 247.
224
Calculate the remainder when 210035 is divided by 72.
11
Calculate the remainder when 1622 is divided by 205.
187
What is the remainder when 10815 is divided by 400?
15
Calculate the remainder when 68812 is divided by 447.
421
Calculate the remainder when 1029389 is divided by 56.
53
Calculate the remainder when 4947 is divided by 99.
96
Calculate the remainder when 160164 is divided by 26693.
6
Calculate the remainder when 24035 is divided by 12008.
19
What is the remainder when 3364 is divided by 3352?
12
What is the remainder when 1162 is divided by 202?
152
Calculate the remainder when 73911 is divided by 17.
12
Calculate the remainder when 63 is divided by 44.
19
What is the remainder when 11436 is divided by 1903?
18
Calculate the remainder when 2574 is divided by 215.
209
What is the remainder when 17363 is divided by 8646?
71
Calculate the remainder when 6432 is divided by 44.
8
Calculate the remainder when 15366 is divided by 15361.
5
Calculate the remainder when 15964 is divided by 21.
4
Calculate the remainder when 192174 is divided by 106.
102
Calculate the remainder when 7032 is divided by 3505.
22
What is the remainder when 31010 is divided by 11?
1
What is the remainder when 276 is divided by 61?
32
Calculate the remainder when 15074 is divided by 14590.
484
Calculate the remainder when 459890 is divided by 10.
0
What is the remainder when 426204 is divided by 395?
394
What is the remainder when 211395 is divided by 40?
35
What is the remainder when 102120 is divided by 304?
280
Calculate the remainder when 38333 is divided by 90.
83
What is the remainder when 24077 is divided by 56?
53
Calculate the remainder when 15355 is divided by 29.
14
Calculate the remainder when 208 is divided by 169.
39
Calculate the remainder when 625200 is divided by 156298.
8
Calculate the remainder when 91666 is divided by 22908.
34
What is the remainder when 2687 is divided by 69?
65
Calculate the remainder when 116614 is divided by 678.
676
What is the remainder when 1433 is